{"id":181,"date":"2020-02-09T13:17:26","date_gmt":"2020-02-09T12:17:26","guid":{"rendered":"http:\/\/rgrotation.de\/?page_id=181"},"modified":"2025-12-17T10:58:42","modified_gmt":"2025-12-17T08:58:42","slug":"elementor-181","status":"publish","type":"page","link":"https:\/\/rg-rotation.de\/?page_id=181","title":{"rendered":"Der Vorstand"},"content":{"rendered":"\t\t<div data-elementor-type=\"wp-page\" data-elementor-id=\"181\" class=\"elementor elementor-181\" data-elementor-settings=\"[]\">\n\t\t\t\t\t\t<div class=\"elementor-inner\">\n\t\t\t\t\t\t\t<div class=\"elementor-section-wrap\">\n\t\t\t\t\t\t\t<section class=\"elementor-section elementor-top-section elementor-element elementor-element-76efbd3 elementor-section-boxed elementor-section-height-default elementor-section-height-default\" data-id=\"76efbd3\" data-element_type=\"section\">\n\t\t\t\t\t\t<div class=\"elementor-container elementor-column-gap-default\">\n\t\t\t\t\t\t\t<div class=\"elementor-row\">\n\t\t\t\t\t<div class=\"elementor-column elementor-col-100 elementor-top-column elementor-element elementor-element-e7261e2\" data-id=\"e7261e2\" data-element_type=\"column\">\n\t\t\t<div class=\"elementor-column-wrap elementor-element-populated\">\n\t\t\t\t\t\t\t<div class=\"elementor-widget-wrap\">\n\t\t\t\t\t\t<div class=\"elementor-element elementor-element-2ce8c77 elementor-widget elementor-widget-text-editor\" data-id=\"2ce8c77\" data-element_type=\"widget\" data-widget_type=\"text-editor.default\">\n\t\t\t\t<div class=\"elementor-widget-container\">\n\t\t\t\t\t\t\t\t<div class=\"elementor-text-editor elementor-clearfix\">\n\t\t\t\t\t<p><span style=\"color: #000000; font-style: normal; font-variant-ligatures: normal; font-variant-caps: normal; font-weight: 400; font-family: Arial, Helvetica, Geneva, sans-serif; font-size: 16px; text-align: justify;\">Am 23.03.2025 fand bei der RG Rotation die turnusm\u00e4\u00dfige Mitgliederversammlung mit der Wahl des Vorstands statt. Ein neuer Vorstand wurde f\u00fcr die Dauer von zwei Jahren vorgeschlagen und gew\u00e4hlt.<\/span><\/p>\t\t\t\t\t<\/div>\n\t\t\t\t\t\t<\/div>\n\t\t\t\t<\/div>\n\t\t\t\t\t\t<\/div>\n\t\t\t\t\t<\/div>\n\t\t<\/div>\n\t\t\t\t\t\t\t\t<\/div>\n\t\t\t\t\t<\/div>\n\t\t<\/section>\n\t\t\t\t<section class=\"elementor-section elementor-top-section elementor-element elementor-element-21fcfed elementor-section-boxed elementor-section-height-default elementor-section-height-default\" data-id=\"21fcfed\" data-element_type=\"section\">\n\t\t\t\t\t\t<div class=\"elementor-container elementor-column-gap-default\">\n\t\t\t\t\t\t\t<div class=\"elementor-row\">\n\t\t\t\t\t<div class=\"elementor-column elementor-col-100 elementor-top-column elementor-element elementor-element-f725cbb\" data-id=\"f725cbb\" data-element_type=\"column\">\n\t\t\t<div class=\"elementor-column-wrap elementor-element-populated\">\n\t\t\t\t\t\t\t<div class=\"elementor-widget-wrap\">\n\t\t\t\t\t\t<div class=\"elementor-element elementor-element-67605ef elementor-widget elementor-widget-text-editor\" data-id=\"67605ef\" data-element_type=\"widget\" data-widget_type=\"text-editor.default\">\n\t\t\t\t<div class=\"elementor-widget-container\">\n\t\t\t\t\t\t\t\t<div class=\"elementor-text-editor elementor-clearfix\">\n\t\t\t\t\t<p><span style=\"font-size: 14px;\">Erster Vorsitzender: Ulf Dittrich<br \/><\/span><\/p><p>Zweiter Vorsitzender: Jan Winkert<\/p><p>Schatzmeister: Frank Ehricke<\/p><p>Bootswart: Michael Boldt<\/p><p>Technikwart: Sascha Gierschner<\/p>\t\t\t\t\t<\/div>\n\t\t\t\t\t\t<\/div>\n\t\t\t\t<\/div>\n\t\t\t\t\t\t<\/div>\n\t\t\t\t\t<\/div>\n\t\t<\/div>\n\t\t\t\t\t\t\t\t<\/div>\n\t\t\t\t\t<\/div>\n\t\t<\/section>\n\t\t\t\t<section class=\"elementor-section elementor-top-section elementor-element elementor-element-d1ff487 elementor-section-boxed elementor-section-height-default elementor-section-height-default\" data-id=\"d1ff487\" data-element_type=\"section\">\n\t\t\t\t\t\t<div class=\"elementor-container elementor-column-gap-default\">\n\t\t\t\t\t\t\t<div class=\"elementor-row\">\n\t\t\t\t\t<div class=\"elementor-column elementor-col-100 elementor-top-column elementor-element elementor-element-dfc5775\" data-id=\"dfc5775\" data-element_type=\"column\">\n\t\t\t<div class=\"elementor-column-wrap elementor-element-populated\">\n\t\t\t\t\t\t\t<div class=\"elementor-widget-wrap\">\n\t\t\t\t\t\t<div class=\"elementor-element elementor-element-4df5ca8 elementor-widget elementor-widget-text-editor\" data-id=\"4df5ca8\" data-element_type=\"widget\" data-widget_type=\"text-editor.default\">\n\t\t\t\t<div class=\"elementor-widget-container\">\n\t\t\t\t\t\t\t\t<div class=\"elementor-text-editor elementor-clearfix\">\n\t\t\t\t\t<p>Kontakt: <a href=\"mailto:vorstand@rg-rotation.de\">vorstand@rg-rotation.de<\/a><\/p>\t\t\t\t\t<\/div>\n\t\t\t\t\t\t<\/div>\n\t\t\t\t<\/div>\n\t\t\t\t\t\t<\/div>\n\t\t\t\t\t<\/div>\n\t\t<\/div>\n\t\t\t\t\t\t\t\t<\/div>\n\t\t\t\t\t<\/div>\n\t\t<\/section>\n\t\t\t\t\t\t<\/div>\n\t\t\t\t\t\t<\/div>\n\t\t\t\t\t<\/div>\n\t\t","protected":false},"excerpt":{"rendered":"<p>Am 23.03.2025 fand bei der RG Rotation die turnusm\u00e4\u00dfige Mitgliederversammlung mit der Wahl des Vorstands statt. Ein neuer Vorstand wurde f\u00fcr die Dauer von zwei Jahren vorgeschlagen und gew\u00e4hlt. Erster&#8230;<\/p>\n","protected":false},"author":1,"featured_media":0,"parent":0,"menu_order":0,"comment_status":"closed","ping_status":"closed","template":"","meta":[],"_links":{"self":[{"href":"https:\/\/rg-rotation.de\/index.php?rest_route=\/wp\/v2\/pages\/181"}],"collection":[{"href":"https:\/\/rg-rotation.de\/index.php?rest_route=\/wp\/v2\/pages"}],"about":[{"href":"https:\/\/rg-rotation.de\/index.php?rest_route=\/wp\/v2\/types\/page"}],"author":[{"embeddable":true,"href":"https:\/\/rg-rotation.de\/index.php?rest_route=\/wp\/v2\/users\/1"}],"replies":[{"embeddable":true,"href":"https:\/\/rg-rotation.de\/index.php?rest_route=%2Fwp%2Fv2%2Fcomments&post=181"}],"version-history":[{"count":43,"href":"https:\/\/rg-rotation.de\/index.php?rest_route=\/wp\/v2\/pages\/181\/revisions"}],"predecessor-version":[{"id":9092,"href":"https:\/\/rg-rotation.de\/index.php?rest_route=\/wp\/v2\/pages\/181\/revisions\/9092"}],"wp:attachment":[{"href":"https:\/\/rg-rotation.de\/index.php?rest_route=%2Fwp%2Fv2%2Fmedia&parent=181"}],"curies":[{"name":"wp","href":"https:\/\/api.w.org\/{rel}","templated":true}]}}

<div data-elementor-type="wp-page" data-elementor-id="181" class="elementor elementor-181" data-elementor-settings="[]">
						<div class="elementor-inner">
							<div class="elementor-section-wrap">
							<section class="elementor-section elementor-top-section elementor-element elementor-element-76efbd3 elementor-section-boxed elementor-section-height-default elementor-section-height-default" data-id="76efbd3" data-element_type="section">
						<div class="elementor-container elementor-column-gap-default">
							<div class="elementor-row">
					<div class="elementor-column elementor-col-100 elementor-top-column elementor-element elementor-element-e7261e2" data-id="e7261e2" data-element_type="column">
			<div class="elementor-column-wrap elementor-element-populated">
							<div class="elementor-widget-wrap">
						<div class="elementor-element elementor-element-2ce8c77 elementor-widget elementor-widget-text-editor" data-id="2ce8c77" data-element_type="widget" data-widget_type="text-editor.default">
				<div class="elementor-widget-container">
								<div class="elementor-text-editor elementor-clearfix">
					<p><span style="color: #000000; font-style: normal; font-variant-ligatures: normal; font-variant-caps: normal; font-weight: 400; font-family: Arial, Helvetica, Geneva, sans-serif; font-size: 16px; text-align: justify;">Am 23.03.2025 fand bei der RG Rotation die turnusmäßige Mitgliederversammlung mit der Wahl des Vorstands statt. Ein neuer Vorstand wurde für die Dauer von zwei Jahren vorgeschlagen und gewählt.</span></p>					</div>
						</div>
				</div>
						</div>
					</div>
		</div>
								</div>
					</div>
		</section>
				<section class="elementor-section elementor-top-section elementor-element elementor-element-21fcfed elementor-section-boxed elementor-section-height-default elementor-section-height-default" data-id="21fcfed" data-element_type="section">
						<div class="elementor-container elementor-column-gap-default">
							<div class="elementor-row">
					<div class="elementor-column elementor-col-100 elementor-top-column elementor-element elementor-element-f725cbb" data-id="f725cbb" data-element_type="column">
			<div class="elementor-column-wrap elementor-element-populated">
							<div class="elementor-widget-wrap">
						<div class="elementor-element elementor-element-67605ef elementor-widget elementor-widget-text-editor" data-id="67605ef" data-element_type="widget" data-widget_type="text-editor.default">
				<div class="elementor-widget-container">
								<div class="elementor-text-editor elementor-clearfix">
					<p><span style="font-size: 14px;">Erster Vorsitzender: Ulf Dittrich<br /></span></p><p>Zweiter Vorsitzender: Jan Winkert</p><p>Schatzmeister: Frank Ehricke</p><p>Bootswart: Michael Boldt</p><p>Technikwart: Sascha Gierschner</p>					</div>
						</div>
				</div>
						</div>
					</div>
		</div>
								</div>
					</div>
		</section>
				<section class="elementor-section elementor-top-section elementor-element elementor-element-d1ff487 elementor-section-boxed elementor-section-height-default elementor-section-height-default" data-id="d1ff487" data-element_type="section">
						<div class="elementor-container elementor-column-gap-default">
							<div class="elementor-row">
					<div class="elementor-column elementor-col-100 elementor-top-column elementor-element elementor-element-dfc5775" data-id="dfc5775" data-element_type="column">
			<div class="elementor-column-wrap elementor-element-populated">
							<div class="elementor-widget-wrap">
						<div class="elementor-element elementor-element-4df5ca8 elementor-widget elementor-widget-text-editor" data-id="4df5ca8" data-element_type="widget" data-widget_type="text-editor.default">
				<div class="elementor-widget-container">
								<div class="elementor-text-editor elementor-clearfix">
					<p>Kontakt: <a href="mailto:vorstand@rg-rotation.de">vorstand@rg-rotation.de</a></p>					</div>
						</div>
				</div>
						</div>
					</div>
		</div>
								</div>
					</div>
		</section>
						</div>
						</div>
					</div>

<p>Am 23.03.2025 fand bei der RG Rotation die turnusmäßige Mitgliederversammlung mit der Wahl des Vorstands statt. Ein neuer Vorstand wurde für die Dauer von zwei Jahren vorgeschlagen und gewählt. Erster&#8230;</p>
